 what is 18 - 607?
-5bc
In base 3, what is -10 - -202202021112?
202202021102
In base 13, what is 1b + 936?
954
In base 3, what is 1200121012 - -122?
1200121211
In base 12, what is 0 - -142297?
142297
In base 6, what is 5 + 205243?
205252
In base 7, what is 21 + 26032?
26053
In base 5, what is 331 - -2203013?
2203344
In base 15, what is -4 + -ca17b?
-ca180
In base 11, what is -70a06 + -54?
-70a5a
In base 2, what is -101 - -10011101100110101011?
10011101100110100110
In base 10, what is 9681 - 10?
9671
In base 14, what is -42 + c38?
bd6
In base 2, what is 1000101110 - -10101011011?
11110001001
In base 8, what is -36 - 755?
-1013
In base 11, what is 44977a + 1?
449780
In base 14, what is -5 - 17999?
-179a0
In base 10, what is -391 - 901?
-1292
In base 15, what is 472 - 76b?
-2e9
In base 15, what is 1032 - 2?
1030
In base 16, what is -61 - 790?
-7f1
In base 13, what is -16730 - -8?
-16725
In base 9, what is -40636 - -2?
-40634
In base 11, what is 4 + -1a264?
-1a260
In base 5, what is -11 - 1140?
-1201
In base 11, what is -123256 + 2?
-123254
In base 9, what is 678 + -55?
623
In base 2, what is 1001110 + 111110110?
1001000100
In base 12, what is 286 - 4?
282
In base 2, what is -111111000001100010 - 0?
-111111000001100010
In base 2, what is 1010101100 - 110?
1010100110
In base 13, what is -3970 - -b?
-3962
In base 15, what is -97e - c?
-98b
In base 10, what is 0 - -1045631?
1045631
In base 5, what is -111330 + 20?
-111310
In base 8, what is -205 - -50?
-135
In base 6, what is 5 - -15042?
15051
In base 5, what is 1233 + 10441?
12224
In base 12, what is 40203 + 2?
40205
In base 5, what is -2 + 100401014?
100401012
In base 9, what is -3 + -56403?
-56406
In base 7, what is 3262 + -663?
2266
In base 2, what is -101 + -1011001000111011111?
-1011001000111100100
In base 6, what is 354 - -1111511?
1112305
In base 7, what is -10002026 + -4?
-10002033
In base 8, what is 4 + -343455?
-343451
In base 12, what is 0 - -14b84?
14b84
In base 5, what is 1144311 - -2?
1144313
In base 2, what is -10 + -100000110100100011?
-100000110100100101
In base 6, what is 1050125 + -14?
1050111
In base 13, what is -4 + 11882?
1187b
In base 12, what is -9208 + 5?
-9203
In base 9, what is 50258 + 0?
50258
In base 2, what is 11101010001000 + -101?
11101010000011
In base 5, what is 2442 - -22020?
30012
In base 10, what is 3 + -5093?
-5090
In base 9, what is -1 + 1384727?
1384726
In base 13, what is -216b + -1?
-216c
In base 13, what is 5 + 312?
317
In base 2, what is 1000100110001 + -111100?
1000011110101
In base 12, what is -7 + 2a850?
2a845
In base 10, what is -2 - 2014?
-2016
In base 14, what is 421 + -56?
3a9
In base 5, what is -100414 - -121?
-100243
In base 10, what is -113834 - -2?
-113832
In base 3, what is 0 + -11102001220?
-11102001220
In base 11, what is -2 - -88a1?
889a
In base 2, what is -10 + 10000000011110?
10000000011100
In base 14, what is -12 + -2454?
-2466
In base 8, what is -166 + 3430?
3242
In base 11, what is -5 + 144129?
144124
In base 4, what is -10 + 21123123?
21123113
In base 15, what is -5c - b6?
-123
In base 5, what is -240011 - 441?
-241002
In base 4, what is 100131312 - 11?
100131301
In base 12, what is 1 - 6ab1?
-6ab0
In base 8, what is 3 - 5662327?
-5662324
In base 9, what is -1548 + 521?
-1027
In base 14, what is 10 + 1435?
1445
In base 4, what is 2 - 11222311?
-11222303
In base 10, what is 14638 + 9?
14647
In base 8, what is -4 + 42767?
42763
In base 9, what is 16 - -43?
60
In base 12, what is a072 - -1?
a073
In base 3, what is 220 + 210000?
210220
In base 7, what is -4 - -1062524?
1062520
In base 9, what is 1677 - 104?
1573
In base 12, what is 1a7 + 19?
204
In base 8, what is -603 - -223?
-360
In base 6, what is 3 - 2333453?
-2333450
In base 12, what is -1882 - a3?
-1965
In base 5, what is -2014311410 - -3?
-2014311402
In base 10, what is 4 - 30108?
-30104
In base 2, what is 1010100011001 - -100?
1010100011101
In base 3, what is 1212001 + 10?
1212011
In base 3, what is -12212022211 + 1?
-12212022210
In base 6, what is 10513 + 44?
11001
In base 7, what is 5 - -20431?
20436
In base 2, what is 11 + 11011000001110011111?
11011000001110100010
In base 9, what is -5 - 135857?
-135863
In base 15, what is -1 + -48630?
-48631
In base 12, what is 10 - -1856?
1866
In base 9, what is 2 + -18041?
-18038
In base 7, what is 3 - -2622066?
2622102
In base 11, what is 751 + 121?
872
In base 13, what is -7 - -5398?
5391
In base 12, what is 12a4 - -78?
1360
In base 6, what is 0 + -210255?
-210255
In base 9, what is 580 - 273?
306
In base 3, what is -122002212221 - -2?
-122002212212
In base 12, what is 17 - -6890?
68a7
In base 16, what is -d924 + 3?
-d921
In base 10, what is 51244 - 0?
51244
In base 16, what is 3ee + 12?
400
In base 8, what is 5 - -16302?
16307
In base 16, what is -5 - 16f?
-174
In base 7, what is 13526 + 5?
13534
In base 14, what is -810 - 809?
-1219
In base 7, what is 22212 + -213?
21666
In base 10, what is -560 + 48?
-512
In base 3, what is -10 - -102011110?
102011100
In base 4, what is -111 + -1100021?
-1100132
In base 11, what is 6615 + -58?
6568
In base 15, what is -217 - 54?
-26b
In base 13, what is -63c4 + -1b?
-6412
In base 11, what is -104 + 10?
-a4
In base 12, what is -9a0a + 3?
-9a07
In base 6, what is 3 + 10102210?
10102213
In base 8, what is 2 - 3232314?
-3232312
In base 16, what is 5 - 5a33?
-5a2e
In base 10, what is 1496 + 900?
2396
In base 12, what is 238b6 + 3?
238b9
In base 13, what is 631 - -5a?
68b
In base 2, what is -1100100110100001010011 + -101?
-1100100110100001011000
In base 7, what is 31250 - -1?
31251
In base 9, what is 25226 + -3?
25223
In base 4, what is -3121 + 102?
-3013
In base 3, what is 1010 - -2111002?
2112012
In base 15, what is 415cd + 1?
415ce
In base 9, what is -430640 - -2?
-430637
In base 6, what is 1111 - 20?
1051
In base 6, what is -3 - 1541010?
-1541013
In base 10, what is -42 + 50?
8
In base 2, what is 111000 + 1100000111?
1100111111
In base 14, what is -9613c + 0?
-9613c
In base 9, what is 2011 - -166?
2177
In base 10, what is 4 + 53416?
53420
In base 2, what is -11000 + -1010111100?
-1011010100
In base 5, what is 1034343044 - 3?
1034343041
In base 11, what is a56 + 0?
a56
In base 8, what is -3 - -16154?
16151
In base 11, what is 146 + 2173?
2309
In base 8, what is -10 - -111132?
111122
In base 12, what is -10 - -105230?
105220
In base 3, what is 1022212000 - -12?
1022212012
In base 13, what is -2 - -16aac?
16aaa
In base 12, what is -131 + -209?
-33a
In base 6, what is -210515 - -533?
-205542
In base 16, what is -3 + 168e2?
168df
In base 15, what is 5 + 109?
10e
In base 11, what is -2 - -1870a?
18708
In base 6, what is 22 - 2031?
-2005
In base 14, what is -18 + -ac13?
-ac2b
In base 8, what is -1633 - -53?
-1560
In base 14, what is -10d60 + -2?
-10d62
In base 5, what is 22434 + 4?
22443
In base 10, what is -119 + -1431?
-1550
In base 3, what is -101222 - -222?
-101000
In base 5, what is 1 - -4232?
4233
In base 12, what is 18 - -1aa9?
1b05
In base 5, what is -241 + 1213?
422
In base 10, what is -2 - -54280?
54278
In base 5, what is 11 + -240234?
-240223
In base 2, what is -1101101100100101010111 - 10?
-1101101100100101011001
In base 13, what is -312 - -1140?
b2b
In base 3, what is 2022 - -2122001?
2201100
In base 2, what is 1010110010101101 - 1?
1010110010101100
In base 11, what is 7044a1 + -3?
704499
In base 11, what is 221 + 45?
266
In base 11, what is 372 - 263?
10a
In base 9, what is 180 + -64?
115
In base 13, what is -3 - -74288?
74285
In base 6, what is -3432 - -55041?
51205
In base 7, what is 321 - 126464?
-126143
In base 4, what is 102120022 - 0?
102120022
In base 7, what is 302034 - -1?
302035
In base 4, what is 13000 + 11?
13011
In base 6, what is -240010 + -3?
-240013
In base 9, what is 73247 + -8?
73238
In base 12, what is 3 - 19745?
-19742
In base 11, what is 1 + -130062?
-130061
In base 16, what is -2e - -20b?
1dd
In base 10, what is -2023 + 6?
-2017
In base 3, what is -102122010 + 2220?
-102112020
In base 10, what is -14 - -1899?
1885
In base 13, what is -87325 - -14?
-87311
In base 8, what is 222 + 473?
715
In base 11, what is -16950 - -5?
-16946
In base 4, what is -2231 + -2011201?
-2020032
In base 16, what is 286b - -3?
286e
In base 10, what is 224 + 8177?
8401
In base 16, what is -c40 - -